{"id":2,"date":"2026-01-21T13:08:29","date_gmt":"2026-01-21T13:08:29","guid":{"rendered":"http:\/\/blackearths.com\/?page_id=2"},"modified":"2026-01-25T19:10:27","modified_gmt":"2026-01-25T19:10:27","slug":"reconstruccion","status":"publish","type":"page","link":"https:\/\/blackearths.com\/?page_id=2","title":{"rendered":"inicio"},"content":{"rendered":"\t\t<div data-elementor-type=\"wp-page\" data-elementor-id=\"2\" class=\"elementor elementor-2\" data-elementor-post-type=\"page\">\n\t\t\t\t<div class=\"elementor-element elementor-element-b12d018 e-flex e-con-boxed e-con e-parent\" data-id=\"b12d018\" data-element_type=\"container\">\n\t\t\t\t\t<div class=\"e-con-inner\">\n\t\t\t\t<div class=\"elementor-element elementor-element-9d484f2 elementor-widget elementor-widget-html\" data-id=\"9d484f2\" data-element_type=\"widget\" data-widget_type=\"html.default\">\n\t\t\t\t\t<!DOCTYPE html>\n<html lang=\"es\">\n<head>\n    <meta charset=\"UTF-8\">\n    <meta name=\"viewport\" content=\"width=device-width, initial-scale=1.0\">\n    <title>Pr\u00f3ximamente | En Construcci\u00f3n<\/title>\n    <link href=\"https:\/\/fonts.googleapis.com\/css2?family=Inter:wght@300;400;700&display=swap\" rel=\"stylesheet\">\n    <style>\n        :root {\n            --primary: #6366f1;\n            --bg-gradient: linear-gradient(135deg, #0f172a 0%, #1e293b 100%);\n            --text-main: #f8fafc;\n        }\n\n        * {\n            margin: 0;\n            padding: 0;\n            box-sizing: border-box;\n        }\n\n        body {\n            font-family: 'Inter', sans-serif;\n            background: var(--bg-gradient);\n            color: var(--text-main);\n            height: 100vh;\n            display: flex;\n            align-items: center;\n            justify-content: center;\n            overflow: hidden;\n            text-align: center;\n        }\n\n        .container {\n            padding: 2rem;\n            max-width: 600px;\n            z-index: 1;\n        }\n\n        .logo {\n            font-size: 2.5rem;\n            font-weight: 700;\n            margin-bottom: 1rem;\n            background: linear-gradient(to right, #818cf8, #c084fc);\n            -webkit-background-clip: text;\n            -webkit-text-fill-color: transparent;\n        }\n\n        h1 {\n            font-size: 3rem;\n            margin-bottom: 1.5rem;\n            letter-spacing: -1px;\n        }\n\n        p {\n            font-size: 1.1rem;\n            color: #94a3b8;\n            line-height: 1.6;\n            margin-bottom: 2.5rem;\n        }\n\n        .status-badge {\n            display: inline-block;\n            padding: 0.5rem 1rem;\n            background: rgba(99, 102, 241, 0.1);\n            border: 1px solid var(--primary);\n            border-radius: 50px;\n            color: var(--primary);\n            font-size: 0.875rem;\n            font-weight: 600;\n            margin-bottom: 1.5rem;\n            text-transform: uppercase;\n        }\n\n        \/* Animaci\u00f3n de fondo *\/\n        .circles {\n            position: absolute;\n            top: 0;\n            left: 0;\n            width: 100%;\n            height: 100%;\n            overflow: hidden;\n            z-index: 0;\n        }\n\n        .circles li {\n            position: absolute;\n            display: block;\n            list-style: none;\n            width: 20px;\n            height: 20px;\n            background: rgba(255, 255, 255, 0.05);\n            animation: animate 25s linear infinite;\n            bottom: -150px;\n        }\n\n        @keyframes animate {\n            0% { transform: translateY(0) rotate(0deg); opacity: 1; border-radius: 0; }\n            100% { transform: translateY(-1000px) rotate(720deg); opacity: 0; border-radius: 50%; }\n        }\n\n        \/* Responsive *\/\n        @media (max-width: 640px) {\n            h1 { font-size: 2rem; }\n            .logo { font-size: 2rem; }\n        }\n    <\/style>\n<\/head>\n<body>\n\n    <ul class=\"circles\">\n        <li style=\"left: 25%; width: 80px; height: 80px; animation-delay: 0s;\"><\/li>\n        <li style=\"left: 10%; width: 20px; height: 20px; animation-delay: 2s; animation-duration: 12s;\"><\/li>\n        <li style=\"left: 70%; width: 20px; height: 20px; animation-delay: 4s;\"><\/li>\n        <li style=\"left: 40%; width: 60px; height: 60px; animation-delay: 0s; animation-duration: 18s;\"><\/li>\n        <li style=\"left: 85%; width: 110px; height: 110px; animation-delay: 0s;\"><\/li>\n    <\/ul>\n\n    <div class=\"container\">\n        <div class=\"status-badge\">Pr\u00f3ximamente<\/div>\n        <div class=\"logo\">Blackearths<\/div>\n        <h1>Estamos renovando nuestra experiencia<\/h1>\n        <p>Estamos trabajando arduamente para ofrecerte un sitio web m\u00e1s r\u00e1pido, moderno y f\u00e1cil de usar. \u00a1Vuelve muy pronto!<\/p>\n    <\/div>\n\n<\/body>\n<\/html>\t\t\t\t<\/div>\n\t\t\t\t\t<\/div>\n\t\t\t\t<\/div>\n\t\t\t\t<\/div>\n\t\t","protected":false},"excerpt":{"rendered":"<p>Pr\u00f3ximamente | En Construcci\u00f3n Pr\u00f3ximamente Blackearths Estamos renovando nuestra experiencia Estamos trabajando arduamente para ofrecerte un sitio web m\u00e1s r\u00e1pido, moderno y f\u00e1cil de usar. \u00a1Vuelve muy pronto!<\/p>\n","protected":false},"author":1,"featured_media":0,"parent":0,"menu_order":0,"comment_status":"closed","ping_status":"closed","template":"","meta":{"footnotes":""},"class_list":["post-2","page","type-page","status-publish","hentry"],"_links":{"self":[{"href":"https:\/\/blackearths.com\/index.php?rest_route=\/wp\/v2\/pages\/2","targetHints":{"allow":["GET"]}}],"collection":[{"href":"https:\/\/blackearths.com\/index.php?rest_route=\/wp\/v2\/pages"}],"about":[{"href":"https:\/\/blackearths.com\/index.php?rest_route=\/wp\/v2\/types\/page"}],"author":[{"embeddable":true,"href":"https:\/\/blackearths.com\/index.php?rest_route=\/wp\/v2\/users\/1"}],"replies":[{"embeddable":true,"href":"https:\/\/blackearths.com\/index.php?rest_route=%2Fwp%2Fv2%2Fcomments&post=2"}],"version-history":[{"count":6,"href":"https:\/\/blackearths.com\/index.php?rest_route=\/wp\/v2\/pages\/2\/revisions"}],"predecessor-version":[{"id":16,"href":"https:\/\/blackearths.com\/index.php?rest_route=\/wp\/v2\/pages\/2\/revisions\/16"}],"wp:attachment":[{"href":"https:\/\/blackearths.com\/index.php?rest_route=%2Fwp%2Fv2%2Fmedia&parent=2"}],"curies":[{"name":"wp","href":"https:\/\/api.w.org\/{rel}","templated":true}]}}